e prime factors of z(-6).
3, 5
Suppose r - 1417 = -473. Suppose r = -2*k - 208. List the prime factors of k/(-21) + 3/(-7).
3
Let k be 6/(-3)*(-4 - 0). Suppose 0 = 3*p, -3*p = 2*z - k - 0. Suppose -3*y - z*n = -55, 0 = -0*y - 2*y + 2*n + 32. What are the prime factors of y?
17
Let h be 116/10 + (-24)/(-60). Suppose h = 5*n - 3. Let c = 17 - n. What are the prime factors of c?
2, 7
List the prime factors of (-194618)/(-248) + (-1)/(-4).
5, 157
Suppose -1 + 29 = 3*h - j, -4*h + 44 = -3*j. Suppose 0 = -5*y - 2*s + 76, y = 6*y + s - 78. Suppose 4*d - h*d + y = 0. List the prime factors of d.
2
Suppose -37*a - 6968 = -45*a. List the prime factors of a.
13, 67
Let f = 4952 + -2317. List the prime factors of f.
5, 17, 31
Let d be 0/((-4)/(20/15)). Suppose 2*v - 26 = -d*v. List the prime factors of v.
13
Let k(c) be the third derivative of 7*c**6/40 + c**4/24 - c**2. Let n(u) = u**2 - 7*u + 1. Let f be n(7). What are the prime factors of k(f)?
2, 11
Let c(l) = -5*l**3 - l**2. Let i be c(-1). Suppose -222 = -5*y - 3*o + 247, -4*y + i*o = -356. Suppose 5*n - 3 = y. List the prime factors of n.
19
Suppose -4*u = 12, 6*r - 3*u = 2*r + 2557. List the prime factors of r.
7, 13
Let n(t) = t**3 + 12*t**2 + 11*t. Let l be n(-11). Suppose l = 2*u + a - 5*a - 188, -2 = 2*a. List the prime factors of u.
2, 23
Let m = -6 - -15. What are the prime factors of 8 - m - 2*-13?
5
Let c(o) = 43*o + 6. Let n be (-17 - -14)*(-10)/6. Let f be c(n). Suppose 4*y = -3*d + 211, -2*d - 3*d + f = 4*y. What are the prime factors of y?
7
Let w be (-30)/(-2)*10/(-3). Let h be 6/(-4)*(-8)/6 - -72. Let f = w + h. List the prime factors of f.
2, 3
Suppose 266 - 1149 = -y + 5*o, -3*y + 2665 = o. What are the prime factors of y?
2, 3, 37
Suppose 4*b + 588 = 4*i + 104, -3*b = 4*i + 370. Let q = 228 + b. List the prime factors of q.
2, 53
Suppose -8*b + 2 = -30. Suppose 3*u - b*f = -18, 3 = 3*u + 4*f - f. Let p(x) = 7*x**2 - x + 1. What are the prime factors of p(u)?
31
Suppose 152 = 4*k + 40. Suppose 12 = 4*j - k. Suppose -63 = -j*i + 67. What are the prime factors of i?
13
Let b(x) = 2*x**2 - 29*x - 11. Let g be b(15). What are the prime factors of g/32 + 2428/32?
2, 19
Let w = -1010 + 1768. What are the prime factors of w?
2, 379
Let t = -44 - -29. Let f(w) = -w**3 - 13*w**2 + 18*w - 27. List the prime factors of f(t).
3, 17
Suppose l - 19 = -0*l. Let u = 14 + l. Let r = u + -15. List the prime factors of r.
2, 3
Suppose -6*s + 2*s + 3*t = -528, 5*t - 560 = -4*s. Suppose s = -7*o + 366. What are the prime factors of o?
3, 11
Let m = -60 - -63. Suppose 3*f + 69 = 5*d - 76, 101 = m*d + f. What are the prime factors of d?
2
Suppose 0*j = 5*j. Suppose j = 10*b - 15*b + 15. Suppose -b*v + 12 = -69. What are the prime factors of v?
3
Let s = 13 - -2. Suppose -4*q = -q - s. Let r = 8 - q. What are the prime factors of r?
3
Suppose -5*j + 5*r = 90, j + 5 + 17 = 3*r. Let z = j + 27. Let a(c) = -c**2 + 12*c + 7. List the prime factors of a(z).
2, 3
Let h = 1087 - 553. List the prime factors of h.
2, 3, 89
Let b = -800 + 1195. Suppose -2*k = 3*k - b. List the prime factors of k.
79
List the prime factors of ((-1100)/(-16) + -3)/((-4)/(-48)).
3, 263
Suppose -878 = -7*x + 592. List the prime factors of x*1 - (0 + -3 + 3).
2, 3, 5, 7
Let b(p) = 2*p**2 + p - 3. Let s be (8 + -1)*3/3. List the prime factors of b(s).
2, 3, 17
Let v = 3218 - 1751. List the prime factors of v.
3, 163
Let h = 823 + -220. What are the prime factors of h?
3, 67
Suppose -5*d - 3*p = -22, -4*d + 0*p = -4*p - 24. Suppose d*o - 20 + 2 = c, -3*c = o - 10. Suppose 0 = -o*n + 81 + 23. List the prime factors of n.
2, 13
Suppose -r - r = -8. Suppose r*c + 55 = -c. Let s = -6 - c. List the prime factors of s.
5
Suppose -688 = -u - 4*g, 6*u - 2788 = 2*u - 4*g. What are the prime factors of u?
2, 5, 7
Suppose -3*z + 2871 + 860 = v, 3734 = 3*z - 2*v. What are the prime factors of z?
2, 311
Suppose 23*s - 112 = 19*s. Suppose -s = -k - 5*n - 7, 3*k - 4*n - 139 = 0. List the prime factors of k.
41
Let n = 31 - 43. What are the prime factors of (-2)/8*(n + -314)*2?
163
Let y(r) = 5 + 2*r**2 - 7*r + 2 - 6*r. Let u(x) = x**3 + 6*x**2 + 7*x + 5. Let o be u(-4). What are the prime factors of y(o)?
2, 13
Let y = -2718 + 4675. What are the prime factors of y?
19, 103
Let o(f) = -f**2 + 10*f - 17. Let d(a) = -3*a + 4. Let s be d(-1). What are the prime factors of o(s)?
2
Let h = -6 + 6. Suppose 4*d + h*d = -4. List the prime factors of d/3 + (-155)/(-15).
2, 5
Suppose -4*x + 664 = -i, 2*x - 95 = -4*i + 255. Suppose 5*z - c - 273 = 0, -c + 2*c = -3*z + x. What are the prime factors of z?
5, 11
Suppose 10*f + 2*f = 528. What are the prime factors of f?
2, 11
Let k = -571 + 1283. List the prime factors of k.
2, 89
What are the prime factors of 611/4 + (-13)/(-52)?
3, 17
Suppose 0 = 52*s - 36*s - 6096. What are the prime factors of s?
3, 127
Let v(x) = 2*x**3 - 26*x**2 + x + 10. Let p be v(13). Suppose -32*c + p*c = -2448. List the prime factors of c.
2, 17
Suppose -342*q = -343*q + 1341. List the prime factors of q.
3, 149
Suppose 25 = -11*s + 6*s. Let g(y) = y**3 + 8*y**2 - 6*y - 1. List the prime factors of g(s).
2, 13
Let r(x) = -4*x - 32. Let g be r(-8). Suppose g = -43*j + 38*j + 280. List the prime factors of j.
2, 7
Let m(u) = -5*u**2 - u + 1. Let v(h) = -5*h**2. Let n(z) = 2*m(z) - 3*v(z). Let t be n(1). Suppose -4*l - 18 = o, 3*l = 2*l - t. List the prime factors of o.
2
Let j(y) = -y**3 - 18*y**2 + 193*y + 40. List the prime factors of j(-26).
2, 5, 43
Suppose -50*k + 51*k - 670 = 0. List the prime factors of k.
2, 5, 67
Suppose -5*m - 276 = -3*j, -3*j + 17*m + 285 = 15*m. List the prime factors of j.
97
Suppose 8*i + 3*i - 110 = 0. Suppose w + 2*v = -2*w + 277, 5*v - i = 0. What are the prime factors of w?
7, 13
What are the prime factors of -2207*1*(-13 - 1)/14?
2207
Let i(s) = s**2 - 10*s. Let q be i(-6). Suppose -3*j - q = j. What are the prime factors of (j/10)/(18/(-60))?
2
What are the prime factors of (5 - 2)/((-9612)/2404 + 4)?
3, 601
Let r = 26 - 27. Let o(u) = -46*u**3 - 2*u**2 - u. List the prime factors of o(r).
3, 5
Suppose 0 = 2*n + 5*p + 8, 0*n = 5*n + p + 20. Let m be 26 + 2 + n + 1. Let i = m + -6. List the prime factors of i.
19
Let n = 6 - -4. Let a = n - 8. Suppose 24 = -0*z + a*z. What are the prime factors of z?
2, 3
Let q = 2 + -2. Let c(g) = -2 + g**2 - 4*g + q*g + 2. List the prime factors of c(-3).
3, 7
Let o be (-4)/10 - (-216)/40. Suppose 0 = o*d - 0*d - 40. Suppose -d - 12 = -2*z. What are the prime factors of z?
2, 5
Let v = 3395 + -1603. List the prime factors of v.
2, 7
Let c = 137 - 127. List the prime factors of (2/(-5))/(2/c) + 162.
2, 5
Suppose -3*l = 2*i - 472, -4*i + 9*i + 146 = l. What are the prime factors of l?
2, 3, 13
Let c(a) = a**2 + 2*a - 14. Let x be c(-6). Suppose x*t + 84 - 224 = 0. List the prime factors of t.
2, 7
Let z = 127 - 68. Suppose -155 = -4*o - z. List the prime factors of o.
2, 3
Let f = 5409 - 1985. List the prime factors of f.
2, 107
Suppose 8*m + 28 = 6*m. List the prime factors of (90/21)/((-1)/m).
2, 3, 5
Let x(i) = -1 - 1 + i**2 - 7*i + 4*i. What are the prime factors of x(7)?
2, 13
Let o(k) be the third derivative of k**5/30 + k**4/12 + 103*k**3/6 + 34*k**2. What are the prime factors of o(0)?
103
Let z(x) = -2*x**3 - 3*x**2 - x - 1. Suppose f - 17 + 7 = 0. Let p = 8 - f. List the prime factors of z(p).
5
Let t = 34 - 32. Let j(s) = 4*s**2 - s - 2. List the prime factors of j(t).
2, 3
Suppose 34*f = 3073 + 21883. What are the prime factors of f?
2, 367
Suppose -2*i + 233 = 3*t, 4*i - 3*i + 384 = 5*t. What are the prime factors of t?
7, 11
Suppose 0 = -8*y - 0*y. Suppose y*h = h - 63. List the prime factors of h.
3, 7
Suppose 5*q + 3630 = 3*x - 10808, 2*x = -2*q + 9604. List the prime factors of x.
2, 3, 89
Let i be (-1)/(((-5)/(-4))/(-5)). List the prime factors of (-1*3)/((-122)/30 + i).
3, 5
What are the prime factors of (3 + 4120/(-30))*-9?
3, 13, 31
Let y = 156 - 24. Let h = -79 + y. Let m = 76 - h. List the prime factors of m.
23
Let w = 4 - -65. Suppose -12 + 24 = 2*f. Suppose 3*m = w - f. What are the prime factors of m?
3, 7
Let u(g) = -g**3 - 3*g**2 + 6*g + 5. Let r be u(-4). Let s be (-632)/(-24) + 1/r. What are the prime factors of s/10 - (-2)/5?
3
Let w = 6